ided by m.
1
Let q(j) = j**2 - 26*j - 702. Calculate the remainder when 440 is divided by q(46).
4
Calculate the remainder when 656 is divided by (-1996)/(-36926) + (47874/(-74))/(-1).
9
Suppose -5053 - 11486 = -73*x + 3171. Let m(s) = -s + 13. What is the remainder when x is divided by m(0)?
10
Suppose 10 = 2*m, -5*m - 9 = -4*l - 42. Let q be 5/l*(-970)/(-100)*-4. Suppose q + 123 = 4*c. Calculate the remainder when c is divided by 20.
15
Let z be ((-2)/5)/((-292)/(-60) - 5). Suppose 40 = z*d + 17*d. What is the remainder when 4 is divided by d?
0
Suppose -158*z - 781 = -184*z + 571. Let a = -194 - -339. Calculate the remainder when a is divided by z.
41
Let p(h) = -h**3 - 3*h**2 - 5*h + 7. Suppose t = -3*r + 175, -4*r = 45*t - 40*t - 831. What is the remainder when t is divided by p(-5)?
81
Let w(x) = -12*x**2 - 2*x - 1. Let h(v) = -24*v**2 - 6*v - 3. Let g(o) = 2*h(o) - 5*w(o). Let t = 10 + -7. Calculate the remainder when g(t) is divided by 15.
11
Suppose 1128 = 10*n - 2*n. What is the remainder when n is divided by (-4)/22*1 + (-1926)/(-66)?
25
Let j(t) = -t**3 - 31*t**2 - 59*t - 15. Let h = 812 - 841. Calculate the remainder when 319 is divided by j(h).
11
Let n = 198 + -97. Suppose 4*y = -81 + n. What is the remainder when 10 is divided by y?
0
Let a be (135/2)/(-3)*-2. Let x be (-18)/(-10) + -2 + (-722)/190. Calculate the remainder when 951/a + x/30 - -1 is divided by 5.
2
Suppose -4*p = 9*p - 7553. Suppose -p*j + 584*j - 237 = 0. What is the remainder when j is divided by 29?
21
Suppose -123*f = -42*f + 92*f - 3114. What is the remainder when 176 is divided by f?
14
Let q = -363 - -387. Suppose 1392*l - 1379*l - 208 = 0. Calculate the remainder when q is divided by l.
8
Let f(c) = 27*c + 1005. What is the remainder when 364 is divided by f(-33)?
22
Let f = 17 + -17. Suppose 5*s - h = -5*h + 847, -2*s + 2*h + 328 = f. Let z = -32 + 44. What is the remainder when s is divided by z?
11
Let n(r) = 2*r**3 - 39*r**2 + 15*r + 61. Calculate the remainder when n(20) is divided by 1.
0
Let v(q) = q**3 - q**2 + 141. Let r(m) = -33 + 22*m + 9 - 17*m + 10*m. Calculate the remainder when v(0) is divided by r(4).
33
Let w = -3296 + 3433. What is the remainder when w is divided by 131?
6
Let h(c) = -4*c - 24. Let w be h(-4). What is the remainder when 2 + 2/(-4)*w is divided by 2?
0
Let c(t) = -3*t**3 + 7*t**2 + 16*t - 14. What is the remainder when 657 is divided by c(-3)?
1
Let z = -226 - -233. Suppose z*f - 77 = -7. What is the remainder when 51 is divided by f?
1
Let x be (-7 + 25 - 9) + -4 + 0. Let r be 57*((-80)/(-15) - x). Suppose -r*i = -14*i - 325. What is the remainder when i is divided by 20?
5
Let a(r) = -r + 21. Suppose -n + 6*n = 5*x + 90, -5*n - x = -72. Let f be a(n). Suppose 69 = 9*s + f. Calculate the remainder when 11 is divided by s.
4
Calculate the remainder when 406 is divided by (30/(-7))/(16/(-6720)*9).
6
Let w = -2057 - -2101. Calculate the remainder when 245 is divided by w.
25
Let f be 2/5 + (-76)/(-10). Let m(d) = -109*d**3 + 57*d**3 + f*d**2 + 5*d + 53*d**3 - 23. Calculate the remainder when 54 is divided by m(-6).
16
Let g be 6/(-9)*(-675)/6. Let p = g - 42. Calculate the remainder when (22/p)/((-4)/(-258) - 0) is divided by 23.
20
Let s(n) = 2*n**3 - 4*n**2 - 4*n - 4. Let d(g) = -g - 1. Let w(j) = -j**2 - j - 3. Let z(f) = d(f) - w(f). Calculate the remainder when s(3) is divided by z(0).
0
Suppose -5*f - 448 = -8*b, -21*b - 228 = -25*b + 2*f. Calculate the remainder when 2389 is divided by b.
10
Let w = -19763 - -19823. Calculate the remainder when 9236 is divided by w.
56
Suppose 2*g = 8, 5*g = 8*x - 9*x + 25. Let o(d) = -d**3 + 6*d**2 + 15. What is the remainder when o(x) is divided by 17?
6
Let n(d) = -d**3 + 2*d**2 - d - 10. Let w be n(-5). Let a = -158 + w. What is the remainder when 31 is divided by a?
7
Let s(u) = -u**3 + 12*u**2 - 31*u + 132. Calculate the remainder when 360 is divided by s(10).
8
Let d(j) = -2*j**3 + 2*j**2 + 5*j + 53. Let c be d(-7). Let i = 813 - c. What is the remainder when 1065 is divided by i?
9
Let u = -450 + 471. Suppose -10*f = -8*f - 118. What is the remainder when f + -1 + -3 + 6 is divided by u?
19
Let m(t) = t**3 - 74*t**2 + 141*t + 262. What is the remainder when 153 is divided by m(72)?
15
Suppose 3*k - 4056 = -9*k. Let h = k + -5. Suppose 7*o + 2*o - h = 0. Calculate the remainder when o is divided by 15.
7
Let y = -55 + 52. Let t be y/2 - 77/(-22). Calculate the remainder when (0 - 124)/t*(-4)/8 is divided by 16.
15
Let f(r) = -4*r - 5. Let c(h) = 17*h - h - 11*h + 16 + 8*h. Let n(v) = 3*c(v) + 8*f(v). What is the remainder when 39 is divided by n(2)?
17
Suppose -2*r - 3*v + 13 = -81, -5*r - 2*v = -246. Let i = r - 10. Suppose -13*o = -17*o + i. What is the remainder when 29 is divided by o?
9
Let w = 16516 - 16476. What is the remainder when 1451 is divided by w?
11
Let w(b) = 412*b - 467. Calculate the remainder when w(3) is divided by 194.
187
Let y(k) = -3*k**3 - 7*k**2 - 8*k + 7. Let u be y(-3). Suppose u*m = 51*m - 18. Calculate the remainder when 104 is divided by m.
5
Let i(y) = 4*y**2 + 24*y + 26. Calculate the remainder when 321 is divided by i(-12).
7
Suppose -4*q + 5*v + 52 = 0, 4*q - 64 = -0*q + 2*v. Suppose -28*c + 30*c = -424. Let i = 277 + c. What is the remainder when i is divided by q?
11
Let y(m) = -m + 11. Let o be y(4). Let a = -24 + o. Let u = 41 + a. What is the remainder when 116 is divided by u?
20
Let p(j) = j**3 - 26*j**2 + 35*j - 11. Let r be p(25). Let w = -203 + r. Calculate the remainder when w is divided by 24.
12
Let i(j) = -294*j + 326. Calculate the remainder when i(0) is divided by 102.
20
Calculate the remainder when 262 is divided by ((-133)/(-3))/((-75)/(-225)).
129
Let q(n) = n**3 - 23*n**2 - 33*n - 348. Calculate the remainder when q(25) is divided by 58.
19
Suppose -66 = -4*x + 54. What is the remainder when 214 is divided by x?
4
Let y(m) = -m**3 + 6*m**2 + 9*m - 1. Suppose 52*s - 6145 = 4619. What is the remainder when s is divided by y(7)?
12
Let x(z) = -775*z - 2257. What is the remainder when x(-3) is divided by 14?
12
Let q(o) = -274*o - 14. Let b be q(-4). Suppose 8*z - b = -266. Suppose w + 2*n - 32 = -9, 0 = 4*w + 3*n - z. Calculate the remainder when w is divided by 15.
12
Let o = -51 + 54. Suppose -1009 = -5*j + x - 116, -o*x = -4*j + 710. Calculate the remainder when j is divided by 18.
17
Let w(t) = -646*t + 12983. Let q(v) = -v**3 + 183. Calculate the remainder when q(0) is divided by w(20).
57
Suppose 4*r - 5838 = -6*r - 4*r. Calculate the remainder when r is divided by 85.
77
Let x = -291720 + 291746. What is the remainder when 2/(-4)*-4 + 673 is divided by x?
25
Let c(y) = 7*y + y - 3*y - 13. Let n(x) = -x**2 - x + 1565. Let w be n(39). What is the remainder when c(w) is divided by 7?
5
Suppose -195*y = -150346 + 31591. Calculate the remainder when y is divided by 285.
39
Suppose -8*r = -10*r - 2. Suppose 0 = -5*l - 2*n + 28, -2*l + 0*l - n + 12 = 0. What is the remainder when 6 is divided by (r/l)/((-10)/120)?
0
Suppose -3*j + 52 = 3*a - 5, 0 = -5*a - 4*j + 99. Calculate the remainder when 388 is divided by a.
20
Calculate the remainder when 6509 is divided by (-120)/8 + 103/1.
85
Let z(d) = -8*d**3 - 3*d**2 + 6*d + 6. Let l be z(-3). Let o = 185 - l. Calculate the remainder when o is divided by 8.
0
Suppose -3*r = w - 4*w + 60, -2*r + 65 = 3*w. Calculate the remainder when (0 + 1)/(((8/81)/4)/2) is divided by (w/4)/(2/8).
18
Let l(y) = 2*y**3 + 35*y**2 - 15*y - 151. What is the remainder when l(-10) is divided by 27?
14
Suppose -3*b + 16146 = 3*c, 16*c + 2*b = 15*c + 5382. What is the remainder when 99 is divided by (-20)/(-35) - c/(-63)?
13
Suppose -11*k + 100 + 194 = -14. Calculate the remainder when 2097 is divided by k.
25
Suppose 15 = 5*i - 0*i. Let z be (-27)/(-21) - 2/7. What is the remainder when z/(-1) - (i - (-158)/(-1)) is divided by 39?
37
Suppose 3*o - 429 = -4*f, -3*f + 193 - 580 = -3*o. Calculate the remainder when o is divided by 33.
3
Let u = 19007 + -18903. Calculate the remainder when 211 is divided by u.
3
Let k be 18/(-21)*(7/(-2) - 0). Suppose -5*w + k = -12. Let p(y) = -y**2 + 7*y - 3. Calculate the remainder when 31 is divided by p(w).
4
Let u(s) = 488*s - 6558. Calculate the remainder whe